{"id":2,"date":"2023-09-03T09:41:32","date_gmt":"2023-09-03T08:41:32","guid":{"rendered":"http:\/\/crehange-country-dance.fr\/?page_id=2"},"modified":"2026-02-13T12:51:24","modified_gmt":"2026-02-13T11:51:24","slug":"page-d-exemple","status":"publish","type":"page","link":"https:\/\/crehange-country-dance.fr\/","title":{"rendered":"Accueil"},"content":{"rendered":"<div class=\"pf-content\"><div style=\"background-repeat: no-repeat;\"><p>Nous sommes heureux de vous accueillir sur notre site. Venez d\u00e9couvrir toutes les informations nous concernant et surtout n\u2019h\u00e9sitez pas \u00e0 venir rejoindre notre club qui a d\u00e9j\u00e0 <a href=\"http:\/\/crehange-country-dance.fr\/wp-content\/uploads\/2015\/12\/Logo-Cr\u00e9hange-Country-Dance.gif\"><img loading=\"lazy\" class=\"alignright wp-image-237 \" src=\"http:\/\/crehange-country-dance.fr\/wp-content\/uploads\/2015\/12\/Logo-Cr\u00e9hange-Country-Dance.gif\" alt=\"Logo Cr\u00e9hange Country Dance\" width=\"264\" height=\"286\" \/><\/a>17 ans d&rsquo;existence.<br \/>\n(N\u00e9 le 11\/09\/2008)<\/p>\n<p>Que vous soyez petits ou grands, d\u00e9butants ou experts, vous trouverez votre place parmi nous.<\/p>\n<hr \/>\n<p><strong>Contact pour inscription :<\/strong><br \/>\nMme DORRMANN St\u00e9phanie pr\u00e9sidente de notre association<\/p>\n<p>Mail gestionnaire : <a href=\"mailto:fabrice.gandar@gmail.com\">fabrice.gandar@gmail.com<\/a><\/p>\n<hr \/>\n<p>&nbsp;<\/p>\n<p>&nbsp;<\/p>\n<p>&nbsp;<\/p>\n<\/div><\/div>","protected":false},"excerpt":{"rendered":"<p>Nous sommes heureux de vous accueillir sur notre site. Venez d\u00e9couvrir toutes les informations nous concernant et surtout n\u2019h\u00e9sitez pas \u00e0 venir rejoindre notre club qui a d\u00e9j\u00e0 17 ans d&rsquo;existence. (N\u00e9 le 11\/09\/2008) Que vous soyez petits ou grands, d\u00e9butants ou experts, vous trouverez votre place parmi nous. Contact pour inscription : Mme DORRMANN [&hellip;]<\/p>\n","protected":false},"author":1,"featured_media":0,"parent":0,"menu_order":0,"comment_status":"closed","ping_status":"open","template":"","meta":[],"_links":{"self":[{"href":"https:\/\/crehange-country-dance.fr\/index.php?rest_route=\/wp\/v2\/pages\/2"}],"collection":[{"href":"https:\/\/crehange-country-dance.fr\/index.php?rest_route=\/wp\/v2\/pages"}],"about":[{"href":"https:\/\/crehange-country-dance.fr\/index.php?rest_route=\/wp\/v2\/types\/page"}],"author":[{"embeddable":true,"href":"https:\/\/crehange-country-dance.fr\/index.php?rest_route=\/wp\/v2\/users\/1"}],"replies":[{"embeddable":true,"href":"https:\/\/crehange-country-dance.fr\/index.php?rest_route=%2Fwp%2Fv2%2Fcomments&post=2"}],"version-history":[{"count":36,"href":"https:\/\/crehange-country-dance.fr\/index.php?rest_route=\/wp\/v2\/pages\/2\/revisions"}],"predecessor-version":[{"id":1874,"href":"https:\/\/crehange-country-dance.fr\/index.php?rest_route=\/wp\/v2\/pages\/2\/revisions\/1874"}],"wp:attachment":[{"href":"https:\/\/crehange-country-dance.fr\/index.php?rest_route=%2Fwp%2Fv2%2Fmedia&parent=2"}],"curies":[{"name":"wp","href":"https:\/\/api.w.org\/{rel}","templated":true}]}}